ommon divisor of 25228 and 15484?
28
Calculate the highest common divisor of 450 and 125838.
18
Calculate the highest common factor of 5800 and 8845.
145
Calculate the highest common divisor of 435 and 206085.
15
Calculate the highest common divisor of 37204 and 568.
284
Calculate the highest common factor of 35937 and 19239.
363
What is the greatest common divisor of 39 and 4875?
39
Calculate the greatest common factor of 34 and 27098.
34
Calculate the highest common factor of 13792 and 96.
32
What is the highest common factor of 16005 and 9?
3
What is the greatest common factor of 184 and 6016?
8
Calculate the highest common factor of 4619860 and 100.
20
What is the highest common divisor of 24131 and 472?
59
Calculate the greatest common factor of 140310 and 144.
18
What is the greatest common factor of 259403 and 221?
17
Calculate the highest common factor of 10 and 56.
2
What is the highest common factor of 513 and 2916?
27
Calculate the highest common divisor of 3405836 and 28.
28
Calculate the greatest common divisor of 1592 and 7363.
199
What is the highest common factor of 187464 and 36?
12
Calculate the greatest common divisor of 6493 and 3322.
151
Calculate the greatest common divisor of 1879 and 25.
1
Calculate the highest common factor of 58929 and 91.
13
What is the greatest common factor of 822 and 8544?
6
Calculate the greatest common divisor of 4815 and 8881.
107
Calculate the greatest common divisor of 616 and 11511192.
616
What is the greatest common divisor of 26319 and 434?
31
Calculate the highest common factor of 8395 and 6497.
73
What is the highest common factor of 2124405 and 75?
15
What is the highest common divisor of 1572 and 390?
6
What is the highest common factor of 3530240 and 120?
40
Calculate the highest common divisor of 616421 and 39.
13
What is the highest common divisor of 38205 and 675?
135
Calculate the highest common factor of 32 and 50656.
32
What is the highest common factor of 20 and 206060?
20
What is the greatest common divisor of 57491 and 26789?
301
What is the greatest common factor of 5787 and 8359?
643
What is the greatest common divisor of 87837 and 2185?
437
Calculate the highest common divisor of 276 and 250953.
69
What is the greatest common factor of 31317 and 3432?
429
Calculate the greatest common factor of 45 and 13932.
9
What is the greatest common divisor of 1955 and 3193297?
391
What is the highest common factor of 269107 and 12731?
439
Calculate the greatest common factor of 48 and 84.
12
What is the highest common divisor of 23030 and 1568?
98
What is the highest common divisor of 826 and 4307?
59
What is the highest common factor of 1922 and 211978?
62
Calculate the greatest common divisor of 1067 and 265489.
97
Calculate the greatest common divisor of 36154 and 2.
2
Calculate the highest common divisor of 18747 and 531.
9
What is the highest common factor of 13080 and 465?
15
What is the greatest common divisor of 503776 and 1248?
416
Calculate the highest common divisor of 52 and 39988.
52
What is the greatest common factor of 78 and 6929?
13
What is the greatest common factor of 6640 and 2075?
415
Calculate the greatest common divisor of 9480 and 711.
237
What is the highest common factor of 24356 and 20?
4
Calculate the highest common factor of 553 and 74339.
79
Calculate the highest common divisor of 109 and 185191.
109
What is the highest common divisor of 65 and 29160?
5
What is the highest common divisor of 36267 and 37422?
231
Calculate the highest common factor of 275 and 177950.
25
What is the greatest common divisor of 38864 and 159273?
347
What is the highest common divisor of 42 and 187838?
14
Calculate the highest common factor of 13821 and 4.
1
Calculate the greatest common factor of 3200 and 23600.
400
Calculate the highest common factor of 13899 and 11234.
41
Calculate the highest common factor of 20667 and 415.
83
What is the highest common factor of 24870 and 4530?
30
Calculate the highest common factor of 11720 and 6520.
40
What is the highest common divisor of 1332 and 61731?
9
Calculate the highest common factor of 114681 and 1505.
301
What is the highest common factor of 5588748 and 10890?
2178
Calculate the highest common divisor of 98326 and 1477.
211
What is the greatest common divisor of 931 and 602308?
49
Calculate the highest common divisor of 143 and 1937.
13
What is the highest common factor of 22464 and 624?
624
What is the greatest common factor of 2278485 and 990?
495
What is the highest common divisor of 1420 and 11005?
355
What is the highest common divisor of 10 and 162?
2
What is the highest common factor of 23 and 491?
1
Calculate the highest common factor of 144720 and 48.
48
What is the highest common divisor of 532675 and 5662?
149
Calculate the highest common factor of 306 and 7056.
18
What is the highest common factor of 1006 and 3?
1
Calculate the highest common divisor of 16128 and 2042208.
2016
Calculate the highest common divisor of 321662 and 770.
22
What is the highest common divisor of 2260745 and 85?
85
Calculate the greatest common factor of 139519 and 493.
493
What is the greatest common factor of 16054 and 92?
46
Calculate the highest common factor of 263 and 59.
1
What is the greatest common factor of 12 and 106068?
12
What is the greatest common factor of 85 and 10098?
17
What is the highest common factor of 489443 and 1052?
263
What is the greatest common divisor of 956 and 10?
2
What is the greatest common divisor of 818 and 103477?
409
What is the greatest common divisor of 2849679 and 28?
7
What is the highest common factor of 770 and 830?
10
What is the greatest common factor of 513 and 28665?
9
Calculate the greatest common factor of 438 and 2644206.
438
What is the highest common factor of 135 and 64200?
15
What is the greatest common divisor of 1980 and 300?
60
Calculate the highest common divisor of 4838 and 590.
118
Calculate the highest common factor of 918 and 26946.
54
Calculate the greatest common factor of 975 and 5928.
39
Calculate the greatest common divisor of 51 and 191794.
17
What is the greatest common divisor of 1129867 and 1043?
149
Calculate the highest common factor of 79099 and 83.
83
Calculate the greatest common factor of 2982714 and 6.
6
What is the highest common factor of 728 and 258531?
91
What is the greatest common divisor of 2262 and 138?
6
What is the highest common divisor of 13515 and 969?
51
What is the greatest common divisor of 1084704 and 672?
96
Calculate the highest common factor of 23904 and 14442.
498
Calculate the greatest common factor of 86616 and 1080.
216
What is the greatest common divisor of 70579 and 9959?
433
Calculate the highest common factor of 649844 and 143.
13
What is the highest common factor of 3704 and 21761?
463
Calculate the greatest common divisor of 247959 and 18.
9
Calculate the highest common factor of 18 and 500238.
18
What is the highest common divisor of 9609 and 15?
3
What is the highest common divisor of 1809764 and 44?
44
What is the greatest common factor of 365562 and 414?
414
What is the greatest common factor of 1026598 and 233?
233
Calculate the highest common factor of 33054 and 1554.
42
Calculate the highest common divisor of 165407 and 363.
121
What is the highest common divisor of 824 and 18?
2
Calculate the greatest common factor of 288 and 27102.
6
Calculate the highest common divisor of 405 and 489.
3
Calculate the highest common factor of 107198 and 152.
38
Calculate the highest common factor of 1658574 and 72.
18
Calculate the greatest common factor of 1112684 and 68.
68
Calculate the greatest common divisor of 12083 and 3268.
43
What is the greatest common factor of 270788 and 6251?
133
What is the highest common factor of 656 and 6929?
41
What is the greatest common factor of 77830 and 1086?
362
What is the highest common factor of 248959 and 141?
47
Calculate the highest common divisor of 1 and 27338.
1
What is the greatest common factor of 1135 and 14020?
5
Calculate the highest common divisor of 59654 and 133.
7
Calculate the highest common divisor of 19020200 and 200.
200
What is the greatest common factor of 826 and 8316?
14
Calculate the greatest common divisor of 635 and 138811.
127
Calculate the greatest common factor 